 p(-8). Let m = i + -7. Let a = 13 - m. What is the tens digit of a?
1
Let n = 4 + -6. Let y be ((-36)/10 - n)*5. Let x = y + 12. What is the units digit of x?
4
Let x = -82 + 190. What is the hundreds digit of x?
1
Let c = -11 + -8. Let l = c - -51. What is the tens digit of l?
3
Suppose -f + 0*j - 1 = 4*j, f - 5*j + 1 = 0. Let d(q) = 3*q - 2. Let u be d(3). Let s = u + f. What is the units digit of s?
6
Suppose b = 17 - 3. What is the units digit of b?
4
Let r(p) = -p**2 - 7*p - 5. Let w(h) = h**2 - 5*h - 1. Let t be w(4). Let o be r(t). Let y = 11 - o. What is the units digit of y?
6
Suppose -1 = -d + 2. Suppose 2*k - 5 = d. What is the units digit of k?
4
Let y(c) = -2*c + 5. Let f be y(5). Let u be 2 - (2 - f)*1. Let w = u - -8. What is the units digit of w?
3
Let g be ((-72)/4)/((-6)/21). Suppose 5*j + g = 258. What is the tens digit of j?
3
Let w = 31 + -2. What is the units digit of w - ((-6)/3 + 2)?
9
Let x = 5 - 3. Suppose 25 = -a + x*a. Suppose -4*k = 5 - a. What is the units digit of k?
5
Let g = 15 + -11. Let h be (-6)/g*14/(-3). Let m = h - -3. What is the tens digit of m?
1
Suppose 0 = 3*n - 4*m - 236, 5*m - 2*m = -6. What is the tens digit of n?
7
What is the units digit of ((-3)/6)/(2/(-92))?
3
Let d be 2*(1/2 + -3). Let l(r) = -r + 7. Let m be l(d). What is the units digit of ((-4)/(-6))/(m/162)?
9
Let v(s) = -s**2 - 6*s - 7. Let x be v(-3). Suppose -4*r + 18 = f, -x*f - 5*r = -0*f - 48. What is the tens digit of f?
3
Suppose 0 = l - 4, 2*i - 2*l - 96 = 122. What is the hundreds digit of i?
1
Suppose -263 = -5*j - 4*o, 0 = -4*j - o - 4*o + 205. Suppose -k + 4*i + 32 = 0, k + k - 5*i = j. What is the tens digit of k?
2
Suppose 6*y - 94 = 4*y. What is the units digit of y?
7
Let f(v) = 2 + 3*v + v**3 - 7*v**2 + 2*v**2 - 7*v. What is the units digit of f(6)?
4
Let x = -51 + 73. Suppose 3*n - 26 - x = 0. Suppose 0 = -4*l - n + 56. What is the units digit of l?
0
What is the tens digit of 30 - (-2*3 - -2)?
3
Let w = 15 + -10. Suppose -2*p - 1 = -k - 8, w*k = -2*p + 25. What is the units digit of p?
5
Let a = -71 - -107. What is the units digit of a?
6
Suppose -3*j - 33 = -321. Suppose 5*m - 101 = 4*w, 16 = -4*m + 4*w + j. What is the units digit of m?
1
Let a(i) = -i**3 + 7*i**2 + 12*i - 10. Let f be a(8). Suppose -f - 10 = -2*u. What is the units digit of u?
6
Let f = 26 + -17. Suppose 7*v + 30 = f*v. What is the tens digit of v?
1
Let x(t) = 4*t - 3*t**3 - 2 - 5*t**2 + t + 5*t**3 - 1. What is the tens digit of x(3)?
2
Let o(s) = -s**3 + 5*s**2 - 4*s + 2. Let d be o(4). Suppose -d*m = -5*m + 15. What is the units digit of m?
5
Suppose 6*x = 163 - 49. What is the units digit of x?
9
Let r = -2 + 33. What is the tens digit of r?
3
Let j(v) = 24*v + 22. What is the hundreds digit of j(9)?
2
Let d be (1 + -2 - -1)*-1. Suppose d = 4*s - r, -3*s + 3*r = -6*s + 15. What is the units digit of s?
1
Let w(g) = 3*g + 4. Let m be w(9). Suppose 6*l = 2*l + t + m, 0 = -3*l - 2*t + 26. What is the units digit of l?
8
Suppose 2*g - 60 = -5*n + 94, -339 = -5*g - n. What is the units digit of g?
7
Let k = 14 - 8. What is the units digit of k/(3*(-3)/(-36))?
4
Let p(u) = u**2 + 4. Let v be p(0). Let d be 1*2 + 8/v. Suppose 0 = 3*a - d*a + 1. What is the units digit of a?
1
Let j(g) be the second derivative of g**4/12 + g**3/6 + g**2/2 + 2*g. Let s be ((-1)/3)/(4/(-24)). What is the units digit of j(s)?
7
Let s(k) = -k**2 - 8*k - 8. Let x be s(-7). Let q be (0 + -1)*(x - 4). Suppose -3*u - 4*y + 8 = 0, 19 = q*u + 5*y - 1. What is the units digit of u?
8
Let t = 1 - 3. Let w = t + -4. Let y(k) = -k + 1. What is the units digit of y(w)?
7
What is the tens digit of 81/2 - 6/12?
4
Let q be 4/(-3) - (-2)/6. Let l be q/2*-2*-1. What is the units digit of (l + -1)*4/(-2)?
4
Let h be (105/(-10))/(2/(-4)). Suppose 4*f + 2*o = -6, -2*f - 2 - h = 5*o. What is the units digit of f?
1
Let u = 90 - 44. What is the tens digit of u?
4
Let c(g) = -g**3 + 10*g**2 - 9*g + 2. Let b be c(9). Suppose 125 = b*i + 3*i. What is the units digit of i?
5
Suppose -5*b = -4*u + 189, -2*u - 8 + 103 = -3*b. What is the units digit of u?
6
Let y be 9 + (-1 - (2 - 0)). Let q = y + -4. Suppose q*u + 3*b - 14 = 0, 5*b - 15 - 3 = -2*u. What is the units digit of u?
4
Suppose -5*x = -7 - 173. What is the tens digit of x?
3
Suppose -7*r + 3*r = -24. What is the units digit of 4/r - 174/(-9)?
0
Suppose -4*o + 168 = 2*d, 0 = -o - 2*o + 3. What is the tens digit of d?
8
Suppose 82 = 3*b - 107. What is the units digit of b?
3
Suppose -4*j + 5*s = -0*s - 9, 0 = 2*j + 4*s - 24. Suppose f - j = -0*f. Suppose d = -0*d + f. What is the units digit of d?
6
Let a = -36 - -22. What is the units digit of 7/(a/30)*-3?
5
Suppose 0*h - 2*h = -78. What is the units digit of h?
9
Let o = 5 - 4. Let w(y) = 3 + 4*y + 5*y**2 + o + y**3 + 1. What is the units digit of w(-4)?
5
Suppose 35 = 5*t - 0*t. Suppose t*o - 103 = 4*o + k, 104 = 3*o - 2*k. What is the units digit of o?
4
Let v(s) be the third derivative of s**6/180 - s**5/120 + s**4/24 + 2*s**2. Let t(q) be the second derivative of v(q). What is the units digit of t(1)?
3
Let o(a) = a**2 + 10*a + 3. Let j be o(-10). Suppose -j*l + 14 + 7 = 0. Suppose p - l = -1. What is the units digit of p?
6
Suppose 4*x = 5*x - 4. Suppose 3*b = l + 6 + 39, 4*l = x*b - 52. What is the tens digit of b?
1
Suppose -5*j + 2 = -8. Suppose -66 = -4*w - j*w. What is the tens digit of w?
1
Suppose 9*j - 3*j - 540 = 0. What is the units digit of j?
0
What is the units digit of 4*(-2)/(8/(-20))?
0
Let f = 361 + -185. What is the units digit of f?
6
Let j = -70 + 130. What is the tens digit of j?
6
Suppose -5*y + 4 - 19 = 0. Let u(w) = w. Let c be u(y). Let i(h) = -h + 2. What is the units digit of i(c)?
5
Let p = -7 + 10. Suppose 0 = n - 4*r, 0*r - 14 = p*n + 2*r. Let m = n - -7. What is the units digit of m?
3
Suppose -5*f + 3*f = -62. What is the tens digit of f?
3
Let y(k) = k**3 - 6*k**2 + 3*k - 3. What is the tens digit of y(6)?
1
Suppose 107 = 2*w - 85. Suppose -w = -2*h - 0*h. Suppose -3*o - o = -h. What is the tens digit of o?
1
Let s be (69/46)/(3/(-2)). Suppose 0 = -w - 6 - 1. What is the units digit of 9 + s - (8 + w)?
7
What is the tens digit of (12/(-18))/(2/(-81))?
2
What is the tens digit of 21/(10/4 + -1)?
1
Suppose 5*f = 3*f + 56. What is the units digit of f?
8
Suppose -36 = 2*t - 3*t. What is the units digit of t?
6
Let a be (-2 + 0)*(-50 + 5). Let u = a - 54. What is the tens digit of u?
3
Let m(o) = -o**2 - 8*o - 7. Let c be m(-5). Suppose -c - 1 = -3*t + 3*g, -2*t = -g - 9. What is the units digit of t?
6
Suppose -3*l = -5*d + 1325, 3*d - 311 = 4*l + 473. What is the hundreds digit of d?
2
Let s be ((-15)/9)/(1/(-3)). Suppose -16 = -4*a, 2*p - 16 = 5*p - 4*a. Suppose 7*n - 2*n - i = 30, -s*i = p. What is the units digit of n?
6
Let v be 35 + 3/(-9)*-9. Let p = 57 - v. What is the units digit of p?
9
Let c = 30 + 10. What is the tens digit of c?
4
Let b(f) = 2*f**2 + 3*f - 4. Let k = -15 + 8. Let l = 4 + k. What is the units digit of b(l)?
5
Suppose 3*k - 6 = -0. Suppose 0 = -3*m + 2*o + 123 - 4, k*m - 4*o - 90 = 0. What is the units digit of m?
7
Suppose 5*o - 4*o - 7 = 0. What is the units digit of o?
7
Let n be (-58)/(-2) + 1 + -1. Suppose 8 = -3*d + n. What is the units digit of d?
7
Let d(s) = s**3 + s. Let x(i) = 2*i**3 + 4*i**2 + 4*i. Let l(p) = -3*d(p) + x(p). Let v be l(4). Let u = -2 + v. What is the units digit of u?
2
Suppose 117 + 3 = -5*u. What is the units digit of u/9*-1*3?
8
Suppose 0 = -4*m - 5*t + 229, 3*m - 151 = -3*t + 20. What is the units digit of m?
6
Let o(m) = -m**2 + 6*m + 5. Let g = 18 + -10. Let v be o(g). What is the units digit of 0 - 0 - -3 - v?
4
Let u be -1*(-1)/1 + 1. Suppose 4*k - 110 = -u*c, 5*k - 184 = -5*c - 54. What is the tens digit of k?
2
Let o = 6 + -2. Suppose -6*z + z + o*p = -24, p = -3*z + 11. What is the units digit of z?
4
What is the tens digit of -1 + 14 + (-22)/11?
1
Let i(m) = 194*m**2 - m + 2. What is the tens digit of i(1)?
9
Let c(a) = 14*a + 5. What is the hundreds digit of c(11)?
1
Let h(n) = n**2 - n. Let r be h(1). Let d = -8 + r. What is the units digit of ((-18)/d)/((-4)/(-16))?
9
Suppose 4*b - 4*f = 160, -3*b - f + 16 = -100. What is the units digit of b?
9
What is the hundreds digit of (-1